{"id":109,"date":"2026-01-17T21:13:08","date_gmt":"2026-01-17T21:13:08","guid":{"rendered":"http:\/\/pirouettecie.fr\/?page_id=109"},"modified":"2026-05-12T08:06:29","modified_gmt":"2026-05-12T08:06:29","slug":"la-compagnie","status":"publish","type":"page","link":"https:\/\/pirouettecie.fr\/?page_id=109","title":{"rendered":"La compagnie"},"content":{"rendered":"\n<div style=\"height:55px\" aria-hidden=\"true\" class=\"wp-block-spacer\"><\/div>\n\n\n\n<h1 class=\"wp-block-heading has-text-align-center\" style=\"font-size:48px\">La compagnie<\/h1>\n\n\n\n<figure class=\"wp-block-image size-large is-resized\"><img loading=\"lazy\" decoding=\"async\" width=\"1024\" height=\"842\" src=\"https:\/\/pirouettecie.fr\/wp-content\/uploads\/2026\/01\/Photo-Cie-JEPG-1-1024x842.jpg\" alt=\"\" class=\"wp-image-654\" style=\"width:952px;height:auto\" srcset=\"https:\/\/pirouettecie.fr\/wp-content\/uploads\/2026\/01\/Photo-Cie-JEPG-1-1024x842.jpg 1024w, https:\/\/pirouettecie.fr\/wp-content\/uploads\/2026\/01\/Photo-Cie-JEPG-1-300x247.jpg 300w, https:\/\/pirouettecie.fr\/wp-content\/uploads\/2026\/01\/Photo-Cie-JEPG-1-768x631.jpg 768w, https:\/\/pirouettecie.fr\/wp-content\/uploads\/2026\/01\/Photo-Cie-JEPG-1-1536x1263.jpg 1536w, https:\/\/pirouettecie.fr\/wp-content\/uploads\/2026\/01\/Photo-Cie-JEPG-1.jpg 1941w\" sizes=\"auto, (max-width: 1024px) 100vw, 1024px\" \/><\/figure>\n\n\n\n<div class=\"wp-block-columns text-columns is-layout-flex wp-container-core-columns-is-layout-28f84493 wp-block-columns-is-layout-flex\">\n<div class=\"wp-block-column is-layout-flow wp-block-column-is-layout-flow\">\n<p class=\"has-text-align-center\">La <strong>Pirouette Cie<\/strong> est une compagnie de th\u00e9\u00e2tre <strong>tr\u00e8s jeune public<\/strong>, cr\u00e9\u00e9e par Anne Leterrier et Xavier Bartens. Elle propose des spectacles accessibles d\u00e8s le plus jeune \u00e2ge, qui s\u00e9duisent <strong>autant les enfants que les adultes.<\/strong><br><br>La compagnie compte aujourd\u2019hui deux cr\u00e9ations, <em>Les Musiciens de Br\u00eame<\/em> et <em>Le Petit Chat Bott\u00e9<\/em>, des contes musicaux port\u00e9s par une <strong>musique jou\u00e9e en direct sur sc\u00e8ne<\/strong> par des artistes multi-instrumentistes. Un troisi\u00e8me spectacle est actuellement en pr\u00e9paration.<\/p>\n<\/div>\n\n\n\n<div class=\"wp-block-column is-layout-flow wp-block-column-is-layout-flow\">\n<p class=\"has-text-align-center\">Les <strong>d\u00e9cors<\/strong>, fabriqu\u00e9s \u00e0 partir d\u2019<strong>objets de r\u00e9cup\u00e9ration<\/strong> <strong>et de mat\u00e9riaux nobles<\/strong> comme le bois et le m\u00e9tal, <strong>se transforment<\/strong> au fil du spectacle pour faire appara\u00eetre personnages et univers inattendus.<\/p>\n\n\n\n<p class=\"has-text-align-center\">Les cr\u00e9ations de la compagnie invitent \u00e0 une exp\u00e9rience sensible et partag\u00e9e, o\u00f9 narration, musique et jeu dialoguent avec <strong>humour et po\u00e9sie.<\/strong><\/p>\n<\/div>\n<\/div>\n\n\n\n<h1 class=\"wp-block-heading has-text-align-center\" style=\"font-size:36px\">Les albums<\/h1>\n\n\n\n<figure class=\"wp-block-image size-large is-resized\"><img decoding=\"async\" src=\"https:\/\/pirouettecie.fr\/wp-content\/uploads\/2026\/05\/les-albums-JPG-2.jpg\" alt=\"\" style=\"aspect-ratio:2.500732636514604;width:1024px;height:auto\"\/><\/figure>\n\n\n\n<div class=\"wp-block-columns is-layout-flex wp-container-core-columns-is-layout-28f84493 wp-block-columns-is-layout-flex\">\n<div class=\"wp-block-column is-layout-flow wp-block-column-is-layout-flow\">\n<p class=\"has-text-align-center\">En lien avec chacun des spectacles, <strong>deux albums<\/strong> ont \u00e9t\u00e9 enregistr\u00e9s comme une autre fa\u00e7on d\u2019entrer dans l\u2019histoire. <strong>On y retrouve les chansons<\/strong>, enrichies de mises en sc\u00e8ne sonores, de moments narratifs pens\u00e9s pour l\u2019\u00e9coute et d\u2019<strong>orchestrations plus riches<\/strong>, qui donnent une nouvelle couleur aux morceaux, avec <strong>beaucoup de jeu, d\u2019humour et de surprises.<\/strong><\/p>\n<\/div>\n\n\n\n<div class=\"wp-block-column is-layout-flow wp-block-column-is-layout-flow\">\n<p class=\"has-text-align-center\">Pens\u00e9s comme <strong>une exp\u00e9rience \u00e0 part enti\u00e8re<\/strong>, ces albums proposent une mani\u00e8re diff\u00e9rente de retrouver les spectacles, hors de la sc\u00e8ne. <strong>Ils prolongent leurs univers<\/strong> <strong>autrement<\/strong> et sont parfois propos\u00e9s \u00e0 l\u2019issue des repr\u00e9sentations, ainsi qu\u2019en ligne.<\/p>\n<\/div>\n<\/div>\n\n\n\n<div style=\"height:30px\" aria-hidden=\"true\" class=\"wp-block-spacer\"><\/div>\n\n\n\n<h1 class=\"wp-block-heading has-text-align-center\" style=\"font-size:36px\">La troupe<\/h1>\n\n\n\n<div style=\"height:20px\" aria-hidden=\"true\" class=\"wp-block-spacer\"><\/div>\n\n\n\n<div class=\"wp-block-columns colonne-1 is-layout-flex wp-container-core-columns-is-layout-28f84493 wp-block-columns-is-layout-flex\">\n<div class=\"wp-block-column is-layout-flow wp-block-column-is-layout-flow\">\n<p class=\"has-text-align-center\">Depuis sa cr\u00e9ation en 2024, la compagnie a rassembl\u00e9 des <strong>artistes aux parcours vari\u00e9s<\/strong>, chacun apportant son univers.<\/p>\n<\/div>\n\n\n\n<div class=\"wp-block-column is-layout-flow wp-block-column-is-layout-flow\">\n<p class=\"has-text-align-center\"> Sur sc\u00e8ne, ils forment des <strong>duos artistiques compl\u00e9mentaires<\/strong>, m\u00ealant narration et musique.<\/p>\n<\/div>\n<\/div>\n\n\n\n<div style=\"height:55px\" aria-hidden=\"true\" class=\"wp-block-spacer\"><\/div>\n\n\n\n<div class=\"wp-block-columns colonne-2 is-layout-flex wp-container-core-columns-is-layout-28f84493 wp-block-columns-is-layout-flex\">\n<div class=\"wp-block-column is-layout-flow wp-block-column-is-layout-flow\">\n<figure class=\"wp-block-image size-full\"><img loading=\"lazy\" decoding=\"async\" width=\"550\" height=\"550\" src=\"https:\/\/pirouettecie.fr\/wp-content\/uploads\/2026\/01\/2.jpg\" alt=\"\" class=\"wp-image-661\" srcset=\"https:\/\/pirouettecie.fr\/wp-content\/uploads\/2026\/01\/2.jpg 550w, https:\/\/pirouettecie.fr\/wp-content\/uploads\/2026\/01\/2-300x300.jpg 300w, https:\/\/pirouettecie.fr\/wp-content\/uploads\/2026\/01\/2-150x150.jpg 150w\" sizes=\"auto, (max-width: 550px) 100vw, 550px\" \/><\/figure>\n\n\n\n<p class=\"has-text-align-center\" style=\"font-size:15px\">Musicien de formation, Xavier aime jouer de son clown et de ses nombreux instruments de musique pour faire rire et r\u00eaver les enfants en chansons. Il con\u00e7oit et \u00e9crit \u00e9galement les spectacles de la compagnie.<\/p>\n<\/div>\n\n\n\n<div class=\"wp-block-column is-layout-flow wp-block-column-is-layout-flow\">\n<figure class=\"wp-block-image size-full\"><img loading=\"lazy\" decoding=\"async\" width=\"550\" height=\"550\" src=\"https:\/\/pirouettecie.fr\/wp-content\/uploads\/2026\/01\/4.jpg\" alt=\"\" class=\"wp-image-662\" srcset=\"https:\/\/pirouettecie.fr\/wp-content\/uploads\/2026\/01\/4.jpg 550w, https:\/\/pirouettecie.fr\/wp-content\/uploads\/2026\/01\/4-300x300.jpg 300w, https:\/\/pirouettecie.fr\/wp-content\/uploads\/2026\/01\/4-150x150.jpg 150w\" sizes=\"auto, (max-width: 550px) 100vw, 550px\" \/><\/figure>\n\n\n\n<p class=\"has-text-align-center\" style=\"font-size:15px\">Anne se forme tr\u00e8s jeune \u00e0 la musique. Amoureuse de la sc\u00e8ne, elle prend un immense plaisir \u00e0 se r\u00e9inventer \u00e0 chaque repr\u00e9sentation. Elle aime faire briller les yeux du public, le sentir tout  proche, captiv\u00e9.<\/p>\n<\/div>\n\n\n\n<div class=\"wp-block-column is-layout-flow wp-block-column-is-layout-flow\">\n<figure class=\"wp-block-image size-full\"><img loading=\"lazy\" decoding=\"async\" width=\"550\" height=\"550\" src=\"https:\/\/pirouettecie.fr\/wp-content\/uploads\/2026\/01\/1.jpg\" alt=\"\" class=\"wp-image-664\" srcset=\"https:\/\/pirouettecie.fr\/wp-content\/uploads\/2026\/01\/1.jpg 550w, https:\/\/pirouettecie.fr\/wp-content\/uploads\/2026\/01\/1-300x300.jpg 300w, https:\/\/pirouettecie.fr\/wp-content\/uploads\/2026\/01\/1-150x150.jpg 150w\" sizes=\"auto, (max-width: 550px) 100vw, 550px\" \/><\/figure>\n\n\n\n<p class=\"has-text-align-center\" style=\"font-size:15px\">Com\u00e9dienne et improvisatrice, L\u00e9na s&rsquo;est form\u00e9e entre Montr\u00e9al et Paris, explorant notamment le jeu masqu\u00e9, le multi-personnage et le clown. En parall\u00e8le, elle \u00e9crit ses chansons sous le nom de Tourbillon Brume.<\/p>\n<\/div>\n<\/div>\n\n\n\n<div style=\"height:40px\" aria-hidden=\"true\" class=\"wp-block-spacer\"><\/div>\n\n\n\n<div class=\"wp-block-columns colonne-3 is-layout-flex wp-container-core-columns-is-layout-28f84493 wp-block-columns-is-layout-flex\">\n<div class=\"wp-block-column is-layout-flow wp-block-column-is-layout-flow\">\n<figure class=\"wp-block-image size-full\"><img loading=\"lazy\" decoding=\"async\" width=\"550\" height=\"550\" src=\"https:\/\/pirouettecie.fr\/wp-content\/uploads\/2026\/01\/5.jpg\" alt=\"\" class=\"wp-image-678\" srcset=\"https:\/\/pirouettecie.fr\/wp-content\/uploads\/2026\/01\/5.jpg 550w, https:\/\/pirouettecie.fr\/wp-content\/uploads\/2026\/01\/5-300x300.jpg 300w, https:\/\/pirouettecie.fr\/wp-content\/uploads\/2026\/01\/5-150x150.jpg 150w\" sizes=\"auto, (max-width: 550px) 100vw, 550px\" \/><\/figure>\n\n\n\n<p class=\"has-text-align-center\" style=\"font-size:15px\">Form\u00e9 en com\u00e9die musicale avant de se tourner vers le jazz, Martin partage sur sc\u00e8ne sa passion avec les enfants. Hors sc\u00e8ne, il joue dans le m\u00e9tro (avec l&rsquo;accr\u00e9ditation de la RATP), offrant sa musique aux passant\u00b7e\u00b7s.<\/p>\n<\/div>\n\n\n\n<div class=\"wp-block-column is-layout-flow wp-block-column-is-layout-flow\">\n<figure class=\"wp-block-image size-full\"><img loading=\"lazy\" decoding=\"async\" width=\"550\" height=\"550\" src=\"https:\/\/pirouettecie.fr\/wp-content\/uploads\/2026\/01\/3.jpg\" alt=\"\" class=\"wp-image-665\" srcset=\"https:\/\/pirouettecie.fr\/wp-content\/uploads\/2026\/01\/3.jpg 550w, https:\/\/pirouettecie.fr\/wp-content\/uploads\/2026\/01\/3-300x300.jpg 300w, https:\/\/pirouettecie.fr\/wp-content\/uploads\/2026\/01\/3-150x150.jpg 150w\" sizes=\"auto, (max-width: 550px) 100vw, 550px\" \/><\/figure>\n\n\n\n<p class=\"has-text-align-center\" style=\"font-size:15px\">Multi-instrumentiste curieux, Joshua participe \u00e0 des projets tr\u00e8s vari\u00e9s: orchestre symphonique, jazz, musiques du monde, cin\u00e9ma\u2026 Sur sc\u00e8ne, il aime embarquer petits et grands dans des aventures sonores pleines de couleurs.<\/p>\n\n\n\n<p><\/p>\n<\/div>\n\n\n\n<div class=\"wp-block-column is-layout-flow wp-block-column-is-layout-flow\">\n<figure class=\"wp-block-image size-full\"><img loading=\"lazy\" decoding=\"async\" width=\"550\" height=\"550\" src=\"https:\/\/pirouettecie.fr\/wp-content\/uploads\/2026\/01\/6.jpg\" alt=\"\" class=\"wp-image-666\" srcset=\"https:\/\/pirouettecie.fr\/wp-content\/uploads\/2026\/01\/6.jpg 550w, https:\/\/pirouettecie.fr\/wp-content\/uploads\/2026\/01\/6-300x300.jpg 300w, https:\/\/pirouettecie.fr\/wp-content\/uploads\/2026\/01\/6-150x150.jpg 150w\" sizes=\"auto, (max-width: 550px) 100vw, 550px\" \/><\/figure>\n\n\n\n<p class=\"has-text-align-center\" style=\"font-size:15px\">C\u2019est \u00e0 New York, o\u00f9 elle passe son enfance, qu\u2019elle d\u00e9couvre le chant et le th\u00e9\u00e2tre. Romane chante, conte et s\u2019accompagne \u00e0 la guitare et au ukul\u00e9l\u00e9, apportant humour et \u00e9nergie \u00e0 chaque spectacle.<\/p>\n<\/div>\n<\/div>\n\n\n\n<div style=\"height:55px\" aria-hidden=\"true\" class=\"wp-block-spacer\"><\/div>\n","protected":false},"excerpt":{"rendered":"<p>La compagnie La Pirouette Cie est une compagnie de th\u00e9\u00e2tre tr\u00e8s jeune public, cr\u00e9\u00e9e par Anne Leterrier et Xavier Bartens. [&hellip;]<\/p>\n","protected":false},"author":1,"featured_media":0,"parent":0,"menu_order":0,"comment_status":"closed","ping_status":"closed","template":"","meta":{"site-sidebar-layout":"default","site-content-layout":"","ast-site-content-layout":"default","site-content-style":"default","site-sidebar-style":"default","ast-global-header-display":"","ast-banner-title-visibility":"","ast-main-header-display":"","ast-hfb-above-header-display":"","ast-hfb-below-header-display":"","ast-hfb-mobile-header-display":"","site-post-title":"disabled","ast-breadcrumbs-content":"","ast-featured-img":"","footer-sml-layout":"","ast-disable-related-posts":"","theme-transparent-header-meta":"","adv-header-id-meta":"","stick-header-meta":"","header-above-stick-meta":"","header-main-stick-meta":"","header-below-stick-meta":"","astra-migrate-meta-layouts":"default","ast-page-background-enabled":"default","ast-page-background-meta":{"desktop":{"background-color":"var(--ast-global-color-5)","background-image":"","background-repeat":"repeat","background-position":"center center","background-size":"auto","background-attachment":"scroll","background-type":"","background-media":"","overlay-type":"","overlay-color":"","overlay-opacity":"","overlay-gradient":""},"tablet":{"background-color":"","background-image":"","background-repeat":"repeat","background-position":"center center","background-size":"auto","background-attachment":"scroll","background-type":"","background-media":"","overlay-type":"","overlay-color":"","overlay-opacity":"","overlay-gradient":""},"mobile":{"background-color":"","background-image":"","background-repeat":"repeat","background-position":"center center","background-size":"auto","background-attachment":"scroll","background-type":"","background-media":"","overlay-type":"","overlay-color":"","overlay-opacity":"","overlay-gradient":""}},"ast-content-background-meta":{"desktop":{"background-color":"var(--ast-global-color-4)","background-image":"","background-repeat":"repeat","background-position":"center center","background-size":"auto","background-attachment":"scroll","background-type":"","background-media":"","overlay-type":"","overlay-color":"","overlay-opacity":"","overlay-gradient":""},"tablet":{"background-color":"var(--ast-global-color-4)","background-image":"","background-repeat":"repeat","background-position":"center center","background-size":"auto","background-attachment":"scroll","background-type":"","background-media":"","overlay-type":"","overlay-color":"","overlay-opacity":"","overlay-gradient":""},"mobile":{"background-color":"var(--ast-global-color-4)","background-image":"","background-repeat":"repeat","background-position":"center center","background-size":"auto","background-attachment":"scroll","background-type":"","background-media":"","overlay-type":"","overlay-color":"","overlay-opacity":"","overlay-gradient":""}},"footnotes":""},"class_list":["post-109","page","type-page","status-publish","hentry"],"_links":{"self":[{"href":"https:\/\/pirouettecie.fr\/index.php?rest_route=\/wp\/v2\/pages\/109","targetHints":{"allow":["GET"]}}],"collection":[{"href":"https:\/\/pirouettecie.fr\/index.php?rest_route=\/wp\/v2\/pages"}],"about":[{"href":"https:\/\/pirouettecie.fr\/index.php?rest_route=\/wp\/v2\/types\/page"}],"author":[{"embeddable":true,"href":"https:\/\/pirouettecie.fr\/index.php?rest_route=\/wp\/v2\/users\/1"}],"replies":[{"embeddable":true,"href":"https:\/\/pirouettecie.fr\/index.php?rest_route=%2Fwp%2Fv2%2Fcomments&post=109"}],"version-history":[{"count":80,"href":"https:\/\/pirouettecie.fr\/index.php?rest_route=\/wp\/v2\/pages\/109\/revisions"}],"predecessor-version":[{"id":759,"href":"https:\/\/pirouettecie.fr\/index.php?rest_route=\/wp\/v2\/pages\/109\/revisions\/759"}],"wp:attachment":[{"href":"https:\/\/pirouettecie.fr\/index.php?rest_route=%2Fwp%2Fv2%2Fmedia&parent=109"}],"curies":[{"name":"wp","href":"https:\/\/api.w.org\/{rel}","templated":true}]}}