{"id":112,"date":"2026-01-17T21:13:31","date_gmt":"2026-01-17T21:13:31","guid":{"rendered":"http:\/\/pirouettecie.fr\/?page_id=112"},"modified":"2026-04-05T20:31:12","modified_gmt":"2026-04-05T20:31:12","slug":"les-spectacles","status":"publish","type":"page","link":"https:\/\/pirouettecie.fr\/?page_id=112","title":{"rendered":"Les spectacles"},"content":{"rendered":"\n<div style=\"height:55px\" aria-hidden=\"true\" class=\"wp-block-spacer\"><\/div>\n\n\n\n<h1 class=\"wp-block-heading has-text-align-center\" style=\"font-size:48px\">Les spectacles<\/h1>\n\n\n\n<div class=\"wp-block-columns text-columns is-layout-flex wp-container-core-columns-is-layout-28f84493 wp-block-columns-is-layout-flex\">\n<div class=\"wp-block-column is-layout-flow wp-block-column-is-layout-flow\">\n<p class=\"has-text-align-center\">Deux contes, deux univers, mais une m\u00eame attention port\u00e9e au tr\u00e8s jeune public. Ces spectacles d\u2019<strong>environ 30 minutes<\/strong> se jouent avec <strong>deux artistes<\/strong> <strong>sur sc\u00e8ne.<\/strong><\/p>\n<\/div>\n\n\n\n<div class=\"wp-block-column is-layout-flow wp-block-column-is-layout-flow\">\n<p class=\"has-text-align-center\">Nos spectacles sont <strong>accessibles<\/strong> <strong>d\u00e8s 1 an.<\/strong> Ils ont \u00e9t\u00e9 jou\u00e9s en cr\u00e8ches, relais petite enfance, \u00e9coles maternelles, \u00e9coles primaires, th\u00e9\u00e2tres et lieux culturels.<\/p>\n<\/div>\n<\/div>\n\n\n\n<div class=\"wp-block-columns is-layout-flex wp-container-core-columns-is-layout-ec2e7a44 wp-block-columns-is-layout-flex\" style=\"padding-top:0;padding-bottom:0\">\n<div class=\"wp-block-column is-layout-flow wp-block-column-is-layout-flow\">\n<figure class=\"wp-block-image size-full\"><a href=\"https:\/\/pirouettecie.fr\/?page_id=114\"><img loading=\"lazy\" decoding=\"async\" width=\"1000\" height=\"1000\" src=\"https:\/\/pirouettecie.fr\/wp-content\/uploads\/2026\/01\/nos-spectacles-image-site-JPG-1.jpg\" alt=\"\" class=\"wp-image-675\" style=\"aspect-ratio:1;object-fit:cover\" srcset=\"https:\/\/pirouettecie.fr\/wp-content\/uploads\/2026\/01\/nos-spectacles-image-site-JPG-1.jpg 1000w, https:\/\/pirouettecie.fr\/wp-content\/uploads\/2026\/01\/nos-spectacles-image-site-JPG-1-300x300.jpg 300w, https:\/\/pirouettecie.fr\/wp-content\/uploads\/2026\/01\/nos-spectacles-image-site-JPG-1-150x150.jpg 150w, https:\/\/pirouettecie.fr\/wp-content\/uploads\/2026\/01\/nos-spectacles-image-site-JPG-1-768x768.jpg 768w\" sizes=\"auto, (max-width: 1000px) 100vw, 1000px\" \/><\/a><\/figure>\n\n\n\n<div class=\"wp-block-buttons has-background is-content-justification-center is-layout-flex wp-container-core-buttons-is-layout-a89b3969 wp-block-buttons-is-layout-flex\" style=\"background-color:#00000000\">\n<div class=\"wp-block-button is-style-fill\"><a class=\"wp-block-button__link has-background has-text-align-center wp-element-button\" href=\"https:\/\/pirouettecie.fr\/?page_id=114\" style=\"background-color:#f8b62d\">D\u00e9couvrir le spectacle<\/a><\/div>\n<\/div>\n<\/div>\n\n\n\n<div class=\"wp-block-column is-layout-flow wp-block-column-is-layout-flow\">\n<figure class=\"wp-block-image size-full\"><a href=\"https:\/\/pirouettecie.fr\/?page_id=116\"><img loading=\"lazy\" decoding=\"async\" width=\"1000\" height=\"1000\" src=\"https:\/\/pirouettecie.fr\/wp-content\/uploads\/2026\/01\/nos-spectacles-image-site-1.png\" alt=\"\" class=\"wp-image-676\" srcset=\"https:\/\/pirouettecie.fr\/wp-content\/uploads\/2026\/01\/nos-spectacles-image-site-1.png 1000w, https:\/\/pirouettecie.fr\/wp-content\/uploads\/2026\/01\/nos-spectacles-image-site-1-300x300.png 300w, https:\/\/pirouettecie.fr\/wp-content\/uploads\/2026\/01\/nos-spectacles-image-site-1-150x150.png 150w, https:\/\/pirouettecie.fr\/wp-content\/uploads\/2026\/01\/nos-spectacles-image-site-1-768x768.png 768w\" sizes=\"auto, (max-width: 1000px) 100vw, 1000px\" \/><\/a><\/figure>\n\n\n\n<div class=\"wp-block-buttons is-content-justification-center is-layout-flex wp-container-core-buttons-is-layout-a89b3969 wp-block-buttons-is-layout-flex\">\n<div class=\"wp-block-button\"><a class=\"wp-block-button__link has-background wp-element-button\" href=\"https:\/\/pirouettecie.fr\/?page_id=116\" style=\"background-color:#f8b62d\">D\u00e9couvrir le spectacle<\/a><\/div>\n<\/div>\n<\/div>\n<\/div>\n\n\n\n<div style=\"height:55px\" aria-hidden=\"true\" class=\"wp-block-spacer\"><\/div>\n","protected":false},"excerpt":{"rendered":"<p>Les spectacles Deux contes, deux univers, mais une m\u00eame attention port\u00e9e au tr\u00e8s jeune public. Ces spectacles d\u2019environ 30 minutes [&hellip;]<\/p>\n","protected":false},"author":1,"featured_media":0,"parent":0,"menu_order":0,"comment_status":"closed","ping_status":"closed","template":"","meta":{"site-sidebar-layout":"default","site-content-layout":"","ast-site-content-layout":"default","site-content-style":"default","site-sidebar-style":"default","ast-global-header-display":"","ast-banner-title-visibility":"","ast-main-header-display":"","ast-hfb-above-header-display":"","ast-hfb-below-header-display":"","ast-hfb-mobile-header-display":"","site-post-title":"disabled","ast-breadcrumbs-content":"","ast-featured-img":"","footer-sml-layout":"","ast-disable-related-posts":"","theme-transparent-header-meta":"","adv-header-id-meta":"","stick-header-meta":"","header-above-stick-meta":"","header-main-stick-meta":"","header-below-stick-meta":"","astra-migrate-meta-layouts":"default","ast-page-background-enabled":"default","ast-page-background-meta":{"desktop":{"background-color":"var(--ast-global-color-5)","background-image":"","background-repeat":"repeat","background-position":"center center","background-size":"auto","background-attachment":"scroll","background-type":"","background-media":"","overlay-type":"","overlay-color":"","overlay-opacity":"","overlay-gradient":""},"tablet":{"background-color":"","background-image":"","background-repeat":"repeat","background-position":"center center","background-size":"auto","background-attachment":"scroll","background-type":"","background-media":"","overlay-type":"","overlay-color":"","overlay-opacity":"","overlay-gradient":""},"mobile":{"background-color":"","background-image":"","background-repeat":"repeat","background-position":"center center","background-size":"auto","background-attachment":"scroll","background-type":"","background-media":"","overlay-type":"","overlay-color":"","overlay-opacity":"","overlay-gradient":""}},"ast-content-background-meta":{"desktop":{"background-color":"var(--ast-global-color-4)","background-image":"","background-repeat":"repeat","background-position":"center center","background-size":"auto","background-attachment":"scroll","background-type":"","background-media":"","overlay-type":"","overlay-color":"","overlay-opacity":"","overlay-gradient":""},"tablet":{"background-color":"var(--ast-global-color-4)","background-image":"","background-repeat":"repeat","background-position":"center center","background-size":"auto","background-attachment":"scroll","background-type":"","background-media":"","overlay-type":"","overlay-color":"","overlay-opacity":"","overlay-gradient":""},"mobile":{"background-color":"var(--ast-global-color-4)","background-image":"","background-repeat":"repeat","background-position":"center center","background-size":"auto","background-attachment":"scroll","background-type":"","background-media":"","overlay-type":"","overlay-color":"","overlay-opacity":"","overlay-gradient":""}},"footnotes":""},"class_list":["post-112","page","type-page","status-publish","hentry"],"_links":{"self":[{"href":"https:\/\/pirouettecie.fr\/index.php?rest_route=\/wp\/v2\/pages\/112","targetHints":{"allow":["GET"]}}],"collection":[{"href":"https:\/\/pirouettecie.fr\/index.php?rest_route=\/wp\/v2\/pages"}],"about":[{"href":"https:\/\/pirouettecie.fr\/index.php?rest_route=\/wp\/v2\/types\/page"}],"author":[{"embeddable":true,"href":"https:\/\/pirouettecie.fr\/index.php?rest_route=\/wp\/v2\/users\/1"}],"replies":[{"embeddable":true,"href":"https:\/\/pirouettecie.fr\/index.php?rest_route=%2Fwp%2Fv2%2Fcomments&post=112"}],"version-history":[{"count":19,"href":"https:\/\/pirouettecie.fr\/index.php?rest_route=\/wp\/v2\/pages\/112\/revisions"}],"predecessor-version":[{"id":727,"href":"https:\/\/pirouettecie.fr\/index.php?rest_route=\/wp\/v2\/pages\/112\/revisions\/727"}],"wp:attachment":[{"href":"https:\/\/pirouettecie.fr\/index.php?rest_route=%2Fwp%2Fv2%2Fmedia&parent=112"}],"curies":[{"name":"wp","href":"https:\/\/api.w.org\/{rel}","templated":true}]}}